re the prime factors of 2959446?
2, 3, 7, 31, 2273
List the prime factors of 758142.
2, 3, 7, 11, 547
What are the prime factors of 1209024?
2, 3, 2099
List the prime factors of 416791.
163, 2557
What are the prime factors of 8742426?
2, 3, 7, 11, 127, 149
What are the prime factors of 115802?
2, 57901
What are the prime factors of 496340?
2, 5, 13, 23, 83
What are the prime factors of 59074?
2, 29537
What are the prime factors of 164213?
7, 23459
What are the prime factors of 2028565?
5, 7, 11, 479
What are the prime factors of 6365578?
2, 41, 149, 521
What are the prime factors of 8009191?
29, 31, 59, 151
List the prime factors of 19023971.
29, 211, 3109
List the prime factors of 891863.
7, 43, 2963
List the prime factors of 884194.
2, 442097
List the prime factors of 634869.
3, 23, 3067
What are the prime factors of 7377207?
3, 2459069
What are the prime factors of 5249555?
5, 389, 2699
List the prime factors of 1080677.
13, 97, 857
What are the prime factors of 360036?
2, 3, 73, 137
List the prime factors of 357743.
191, 1873
List the prime factors of 65074.
2, 32537
What are the prime factors of 1002962?
2, 61, 8221
List the prime factors of 256333.
7, 11, 3329
What are the prime factors of 2360167?
2360167
List the prime factors of 11048826.
2, 3, 29, 63499
What are the prime factors of 1350312?
2, 3, 56263
What are the prime factors of 683373?
3, 19, 631
List the prime factors of 736425.
3, 5, 1091
What are the prime factors of 72187?
37, 1951
What are the prime factors of 1609628?
2, 17, 23671
List the prime factors of 4740331.
17, 278843
What are the prime factors of 5034322?
2, 2517161
List the prime factors of 874337.
874337
List the prime factors of 7086053.
13, 397, 1373
List the prime factors of 4098623.
19, 23, 83, 113
What are the prime factors of 1390061?
43, 32327
List the prime factors of 203063.
7, 29009
What are the prime factors of 2810552?
2, 257, 1367
List the prime factors of 1732298.
2, 43, 20143
List the prime factors of 4219324.
2, 1054831
List the prime factors of 212722.
2, 31, 47, 73
List the prime factors of 3805597.
239, 15923
List the prime factors of 2374596.
2, 3, 7, 349
What are the prime factors of 2624727?
3, 7, 124987
List the prime factors of 77930.
2, 5, 7793
List the prime factors of 1836514.
2, 918257
List the prime factors of 12465656.
2, 7, 222601
What are the prime factors of 382985?
5, 76597
List the prime factors of 13439.
89, 151
List the prime factors of 124913.
23, 5431
What are the prime factors of 404424?
2, 3, 41, 137
List the prime factors of 2621120.
2, 5, 8191
List the prime factors of 223183.
53, 4211
List the prime factors of 2418770.
2, 5, 241877
List the prime factors of 3902930.
2, 5, 277, 1409
List the prime factors of 3191.
3191
List the prime factors of 1703048.
2, 212881
What are the prime factors of 13672?
2, 1709
What are the prime factors of 10198740?
2, 3, 5, 43, 59, 67
What are the prime factors of 530903?
29, 18307
List the prime factors of 1707443.
1707443
What are the prime factors of 1340798?
2, 670399
What are the prime factors of 25198?
2, 43, 293
What are the prime factors of 89912?
2, 11239
What are the prime factors of 47805?
3, 5, 3187
List the prime factors of 269993.
109, 2477
What are the prime factors of 2121359?
23, 92233
What are the prime factors of 5944242?
2, 3, 990707
List the prime factors of 506581.
587, 863
What are the prime factors of 619041?
3, 206347
What are the prime factors of 1267396?
2, 13, 24373
List the prime factors of 1389919.
1389919
What are the prime factors of 316460?
2, 5, 15823
What are the prime factors of 4291601?
59, 72739
List the prime factors of 1109782.
2, 554891
List the prime factors of 173045.
5, 53, 653
What are the prime factors of 42174236?
2, 13, 29, 27967
List the prime factors of 339399.
3, 43, 877
What are the prime factors of 559772?
2, 139943
List the prime factors of 19685613.
3, 6561871
List the prime factors of 2225819.
2225819
What are the prime factors of 928062?
2, 3, 47, 1097
List the prime factors of 602680.
2, 5, 13, 19, 61
List the prime factors of 121700.
2, 5, 1217
What are the prime factors of 140652?
2, 3, 3907
List the prime factors of 3722127.
3, 1240709
What are the prime factors of 531839?
7, 11, 6907
What are the prime factors of 993485?
5, 23, 53, 163
List the prime factors of 646909.
646909
What are the prime factors of 2151506?
2, 7, 227, 677
List the prime factors of 11057880.
2, 3, 5, 43, 2143
What are the prime factors of 38544?
2, 3, 11, 73
What are the prime factors of 19182186?
2, 3, 1065677
What are the prime factors of 708334?
2, 11, 2927
What are the prime factors of 7629?
3, 2543
List the prime factors of 6222045.
3, 5, 414803
List the prime factors of 13750992.
2, 3, 139, 229
What are the prime factors of 2249546?
2, 13, 31, 2791
List the prime factors of 12514422.
2, 3, 2085737
List the prime factors of 2230856.
2, 431, 647
What are the prime factors of 1026377?
11, 93307
What are the prime factors of 9613555?
5, 7, 39239
List the prime factors of 1080687.
3, 360229
List the prime factors of 1505418.
2, 3, 17, 14759
List the prime factors of 4184960.
2, 5, 13, 503
What are the prime factors of 21832?
2, 2729
List the prime factors of 913076.
2, 67, 3407
What are the prime factors of 110726?
2, 7, 11, 719
What are the prime factors of 1685114?
2, 71, 11867
What are the prime factors of 197737?
79, 2503
What are the prime factors of 17812?
2, 61, 73
What are the prime factors of 739930?
2, 5, 61, 1213
What are the prime factors of 1953204?
2, 3, 11, 14797
List the prime factors of 56590.
2, 5, 5659
What are the prime factors of 2455017?
3, 818339
List the prime factors of 730666.
2, 365333
What are the prime factors of 59256?
2, 3, 823
List the prime factors of 4374035.
5, 874807
What are the prime factors of 728113?
728113
List the prime factors of 41615.
5, 7, 29, 41
What are the prime factors of 139200?
2, 3, 5, 29
List the prime factors of 443546.
2, 221773
List the prime factors of 7140516.
2, 3, 595043
List the prime factors of 15834791.
7, 89, 3631
What are the prime factors of 44014?
2, 59, 373
List the prime factors of 5865541.
11, 31, 103, 167
List the prime factors of 2140969.
2140969
List the prime factors of 7675.
5, 307
What are the prime factors of 62072?
2, 7759
What are the prime factors of 8389?
8389
List the prime factors of 338363.
563, 601
List the prime factors of 168276.
2, 3, 37, 379
List the prime factors of 620672.
2, 13, 373
What are the prime factors of 5421781?
101, 53681
What are the prime factors of 481448?
2, 11, 5471
List the prime factors of 1236575.
5, 49463
List the prime factors of 2357054.
2, 7, 31, 5431
List the prime factors of 121703.
17, 7159
What are the prime factors of 545921?
17, 1889
List the prime factors of 8546567.
467, 18301
List the prime factors of 737226.
2, 3, 7, 5851
What are the prime factors of 24201140?
2, 5, 61, 83, 239
List the prime factors of 2804137.
7, 23, 17417
List the prime factors of 10291905.
3, 5, 13, 73, 241
What are the prime factors of 974481?
3, 137, 2371
What are the prime factors of 309917?
79, 3923
List the prime factors of 2352432.
2, 3, 49009
List the prime factors of 2880710.
2, 5, 7, 5879
List the prime factors of 18394560.
2, 3, 5, 2129
What are the prime factors of 6439227?
3, 31, 69239
List the prime factors of 161372.
2, 40343
What are the prime factors of 183858?
2, 3, 30643
List the prime factors of 54752.
2, 29, 59
List the prime factors of 954653.
7, 136379
List the prime factors of 4966980.
2, 3, 5, 19, 4357
List the prime factors of 2661767.
19, 23, 6091
List the prime factors of 551455.
5, 110291
List the prime factors of 2085471.
3, 231719
What are the prime factors of 350060?
2, 5, 23, 761
List the prime factors of 978223.
978223
List the prime factors of 603096.
2, 3, 13, 1933
What are the prime factors of 206924?
2, 17, 179
What are the prime factors of 50912?
2, 37, 43
List the prime factors of 4103225.
5, 7, 23447
What are the prime factors of 660580?
2, 5, 33029
What are the prime factors of 339133?
17, 19949
List the prime factors of 290400.
2, 3, 5, 11
What are the prime factors of 304514?
2, 7, 21751
What are the prime factors of 6541774?
2, 683, 4789
What are the prime facto